
True
Suppose -i - 4*r - 30940 = 2*i, 4*r + 20632 = -2*i. Is 2 + 5/((-20)/i) prime?
True
Suppose 8*h + 477269 - 116690 = 3*r, -5*h = -30. Is r a prime number?
True
Let q(k) = -12 + 15*k**2 + 14*k - 27*k**2 - 13 + 30*k**2 + 27*k**2. Is q(-8) a composite number?
True
Let g(s) = -3*s**3 - 33*s**2 - 71*s - 70. Is g(-31) a composite number?
False
Suppose 0 = -3*j + 339 + 11205. Suppose 24*t = 28*t + j. Let f = 1461 + t. Is f a composite number?
False
Suppose 45*r - 100383968 - 1531384 = 10720863. Is r composite?
False
Let d = 106055 - -5003. Is d a composite number?
True
Suppose -4*l - 4*r + 608016 = 0, 3 = 4*r - 1. Is l a composite number?
False
Suppose 129*l - 132*l = -39. Suppose l*z = -12*z + 107975. Is z composite?
True
Let z(l) = l**3 + 10*l**2 - 11*l + 3. Let n be z(-11). Suppose 2*x - 4*o = 18474, 10*x - 7*x - 27708 = n*o. Is x composite?
True
Is (-1 - -314426) + (14 - 143/11) + -7 a composite number?
True
Let b = 1445 + -518. Let j = -548 + b. Is j a composite number?
False
Let q be (-3 - 56/(-20))*-10. Suppose q*a + 135 - 19337 = 0. Is a a prime number?
True
Let i(v) = 60*v**2 + 19*v + 30. Is i(-13) composite?
False
Suppose 0 = 41*q - 584815 - 76474. Is q composite?
True
Let y = 28309 - 13212. Is y composite?
True
Suppose -20*k + 115 = 3*k. Suppose 8*g = -4*u + 13*g + 6167, 2*g = -k*u + 7717. Is u prime?
True
Let y(o) = o**3 - 10*o**2 - 8*o + 18. Let r be y(15). Suppose v + 14 - r = 0. Is v a prime number?
True
Let r(i) = 7*i**2 - 5*i - 31. Let j(s) = -s**3 - s**2 - s + 16. Let c be j(3). Is r(c) composite?
True
Let g = -47 + 55. Suppose 11*a = -289 - g. Let z = a + 60. Is z composite?
True
Is (2/(-4))/(5/(-672110)) a composite number?
False
Let b = 141 + -80. Suppose b*u - 2 = 62*u. Is ((-16)/24)/(u/1011) a prime number?
True
Let l be (1*18/15)/(15/50). Suppose 3*y - 2*x - x - 2814 = 0, -2*y + l*x = -1866. Is y prime?
False
Suppose 2*b + 2*d = -0*d + 22, -b + 4*d + 31 = 0. Suppose -21*c + b*c = -2946. Is c composite?
False
Suppose 3*m - 4*x = 43, -4*x = -2*m - 3*x + 22. Suppose -4*f = -5*y - 5067, 11*f - 2*y - 2536 = m*f. Is f a prime number?
False
Suppose -4*j + 1251124 = 18*j - 8*j. Is j a composite number?
True
Suppose -2*i + 3*f = -53, 0 = -5*i + 3*f - 5*f + 123. Let x(y) = -13 + 109*y**3 - 11 + i + 2*y. Is x(2) a composite number?
False
Suppose -5*b = -4*j + 2651503, j - 662853 = -6*b + 4*b. Is j composite?
False
Suppose -5*w + 7*w = 1916. Suppose 3*t - 724 = 4*l, 4*t - w = -3*l + l. Suppose 0 = s + i - 495, 5*i + 279 = s - t. Is s composite?
False
Suppose 0 = 3*t - 3*p - 12, 2*t + 2*p = 6*t - 16. Suppose -4*u + 5*u = t*u. Is 6*20 + u - 1 prime?
False
Let q = -11197 + -6822. Let n = -10202 - q. Is n prime?
True
Suppose -85343265 = 424*f - 487*f. Is f composite?
True
Let x be (-2 - -1)*(-3 + -2). Suppose -2*k + 15 + 27 = -x*p, -21 = -k + 5*p. Is ((-2)/(-4))/(k/(-238))*-87 composite?
True
Let r(v) be the third derivative of -37*v**6/120 + v**5/6 + v**4/3 + 7*v**3/6 + 43*v**2. Is r(-4) a prime number?
True
Suppose 0*d - 2*n - 1356 = -2*d, 2*d - 3*n - 1354 = 0. Suppose -36 = 4*z + d. Let f = z + 370. Is f composite?
False
Suppose 0 = -37*b + 21*b + 113680. Suppose 0 = -2*h + 2569 + b. Is h a prime number?
False
Let g = -164 + 179. Is (26734/10)/(3/g) a prime number?
True
Let v = -54 + 68. Suppose 4*x - v = 3*a, -x + a + 12 = 4*x. Suppose x*j - 2306 = 1892. Is j a composite number?
False
Let k = 224 + -97. Suppose 0 = -k*a + 126*a + 223. Is a a prime number?
True
Let p(o) be the third derivative of 25*o**4/24 + 17*o**3/6 + 12*o**2. Let k(x) = 25*x + 16. Let n(l) = 4*k(l) - 3*p(l). Is n(10) composite?
False
Let z be ((-6)/(-7))/((-21)/(-2205)). Let q = z + -56. Let v = q + 59. Is v composite?
True
Let o = -66 - -61. Let u(c) = -10*c - 45. Let i be u(o). Is 2305/i + 4 - -4 prime?
False
Let o(p) = -331*p**2 - 38*p + 4. Let s be o(7). Let m = -5130 - s. Is m composite?
False
Let p(k) = 11*k**2 + 21*k + 5. Let i(l) = -9*l + 12. Let o be i(3). Let h = 6 + o. Is p(h) a prime number?
False
Is (((-4)/5)/((-2)/(-5)) - 56695)/(-3) prime?
True
Is (-4037 - (7 - -10))*235/(-10) prime?
False
Suppose -1310027 - 3256565 = -59*w - 5*w. Is w prime?
True
Let i be 1/(-2)*(-19 - -33). Let a(f) = -10*f**3 + 2*f**2 + f - 16. Is a(i) a composite number?
True
Is ((-46223)/(-4))/((-211)/(-844)) composite?
True
Suppose 5*g = 2*f - 46188, 15*f + 46208 = 17*f + 5*g. Is f a prime number?
True
Let o(r) = 0*r + 7*r + 2 - 13*r + 205*r**2. Is o(-3) composite?
True
Suppose -19*x + 5*x - 56 = 0. Is x/6 - 52208/(-48) composite?
False
Let n = 1644487 - 754821. Is n a composite number?
True
Suppose -2*d - 2*f - 530 = 0, 0 = 2*f - f - 3. Suppose -5*o + 9*o = -1700. Let s = d - o. Is s a prime number?
True
Suppose -10*f + 26630 + 1500 = 0. Let b = 4796 - f. Suppose b - 13857 = -6*p. Is p a composite number?
False
Suppose 130 + 329 = r + p, -5*r + 2*p + 2309 = 0. Let q(s) = s**3 + 13*s**2 - 8*s - 84. Let g be q(-14). Let u = g + r. Is u a prime number?
True
Let l = 86 + -76. Let a(i) = 2*i**2 - 19*i + 2. Let h be a(l). Suppose -2145 = -4*z + z + 2*x, -h = 4*x. Is z a composite number?
True
Let j be (3255/(-9) + 3)*(-18)/(-4). Let n = 1500 - j. Let m = n + 41. Is m a prime number?
False
Let t be -15 - -16 - 52/(0 - 5/850). Let o(x) = -10*x - 1. Let i be o(-1). Is (7 + -2)/(-15) + t/i prime?
False
Let u(f) = 915*f**3 - 12*f**2 + 21*f - 2. Is u(5) composite?
True
Is ((-10326)/33)/(326/(-1793)) prime?
True
Let p = 457171 + -208350. Is p a prime number?
True
Suppose -85*l = -89*l + 88. Suppose -585465 - 442177 = -l*o. Is o a composite number?
True
Suppose -27*n - 19*n - 60*n + 17235706 = 0. Is n a composite number?
False
Let l be -3*(-3)/27*12. Suppose 4*n - 2 = 3*s - l*s, n + 5*s = 10. Suppose 9*d - 26*d + 2465 = n. Is d a composite number?
True
Suppose -394*k - 20489 = -401*k. Is k prime?
True
Let m = 12 - 0. Suppose 16*h = 12*h + m. Suppose 7*p - 4*d - 2344 = h*p, -1 = -d. Is p prime?
True
Let a(p) = -p**3 - 8*p**2 - 14*p + 3. Let v be a(-6). Suppose -6*n = -v*n + 7983. Is n a prime number?
True
Suppose k - 227757 = 3*l, -115*l + 910944 = 4*k - 113*l. Is k composite?
True
Suppose -114 = 9*d - 15*d. Suppose -d*y + 447904 = 13*y. Is y composite?
False
Suppose -3*p + 4975 = -8*p. Let s = -168 - p. Let o = 1720 - s. Is o a prime number?
False
Let n be -12*(-4 + (-40)/(-12) - -1). Is 2 + n + -1 + 980 prime?
True
Let y = -8319 + 14056. Is y composite?
False
Suppose 5*h = 2*a - 33923 - 10758, 4*a - 5*h - 89367 = 0. Is a a prime number?
True
Let j(x) = -x + 1154. Is j(67) prime?
True
Let y = -51832 - -206391. Is y a prime number?
False
Is 24432727/418 + (-1 - 1*2/(-4)) prime?
True
Suppose 7*z + 92777 = -5*z + 268949. Is z composite?
True
Suppose 3*r - 1253 = -n, -13*r + 4*n = -9*r - 1692. Suppose -y + 3*a + 0*a = -r, -3*a = 5*y - 2113. Is y composite?
True
Suppose 3 = 22*t - 21*t. Let r be (-22)/(-8) + t/(-4). Is r/(-10) - 39004/(-70) a composite number?
False
Let t(d) = 3*d + 26 - 11 - 13. Let o be t(1). Suppose -o*g + 2341 = -3*b, 3*g - 3*b - 473 = 2*g. Is g a prime number?
True
Let p = 99 + -96. Suppose 9 = p*n + 15. Let d(t) = -37*t + 3. Is d(n) a composite number?
True
Is (-953953)/(-104) + (-27)/(-72) composite?
False
Suppose 0 = -7*j + 26*j - 57. Suppose -1715 = -j*m + 2851. Is m a prime number?
False
Let w(k) = -7116*k - 899. Is w(-10) prime?
False
Let n be ((-1)/((-6)/596))/(94/43569). Let k = -31552 + n. Is k composite?
False
Suppose -5*r = -0*r - 4*s + 2, -13 = -5*r - s. Suppose 3*g - 4943 = -y, -3*g = -5*y - r*g + 24683. Is y a prime number?
True
Suppose -3*f = -0*f. Suppose -6*n + 18 = -f*n. Suppose -3*x - 2*g + 1456 = -n*g, x - 3*g = 488. Is x a prime number?
False
Suppose 447 = 3*m + 3549. Let s = m - -4673. Is s a composite number?
True
Suppose z - 3*q = 1 - 2, -3*q = -3*z + 3. Suppose z*v = -3*i + 2291, 5*v - 2*v + 749 = i. Let t = 2160 - i. Is t a composite number?
False
Let i(k) = -3039*k + 54. Let n be i(-11). Suppose -16*d - n + 94619 = 0. Is d prime?
True
Let o(c) = 268*c + 5. Suppose -k + 5*p + 24 = 0, -k = -p - 5 - 11. Suppose -8 = -z - 4*n + 2, 0 = 5*z + 2*n - k. Is o(z) composite?
False
Let s(b) = -b**3 + 7*b**2 - 4*b - 2. Let z be s(6). Suppose 9 + 11 = z*f. Suppose n = -3*w + 31, f*w = -n + 2*n - 31. Is n a prime number?
True
Let t be (-402)/(12/126*(-3)/(-